, 7649
List the prime factors of 982457640.
2, 3, 5, 909683
List the prime factors of 434434692.
2, 3, 36202891
What are the prime factors of 253628457?
3, 17, 4973107
List the prime factors of 97497944.
2, 12187243
What are the prime factors of 12331244?
2, 761, 4051
List the prime factors of 45408651.
3, 19, 53, 15031
What are the prime factors of 455484069?
3, 311, 162731
List the prime factors of 397447558.
2, 2339, 84961
List the prime factors of 4082454198.
2, 3, 1381, 164231
List the prime factors of 227622500.
2, 5, 7, 13007
List the prime factors of 696053921.
193, 3606497
List the prime factors of 53775926.
2, 26887963
List the prime factors of 2582990079.
3, 2237, 384889
What are the prime factors of 643926211?
73, 8820907
List the prime factors of 28205604.
2, 3, 7, 37309
What are the prime factors of 284213924?
2, 149, 476869
List the prime factors of 195992744.
2, 24499093
List the prime factors of 7311104.
2, 28559
What are the prime factors of 612038007?
3, 7, 1201, 8089
What are the prime factors of 21762523?
571, 38113
List the prime factors of 3089845437.
3, 7, 147135497
What are the prime factors of 47043048?
2, 3, 13, 150779
What are the prime factors of 308573819?
23, 13416253
What are the prime factors of 5740451473?
307, 18698539
What are the prime factors of 1594179595?
5, 37, 8617187
List the prime factors of 3369983277.
3, 1123327759
What are the prime factors of 176388080?
2, 5, 11, 227, 883
List the prime factors of 167167964.
2, 41791991
List the prime factors of 154212172.
2, 38553043
What are the prime factors of 42515023?
211, 201493
What are the prime factors of 446021367?
3, 11, 17, 72277
What are the prime factors of 70282822?
2, 35141411
What are the prime factors of 1946962315?
5, 17, 61, 113, 3323
What are the prime factors of 52673335?
5, 11, 13, 23, 3203
What are the prime factors of 34777470?
2, 3, 5, 7, 13, 12739
List the prime factors of 15565905.
3, 5, 115303
What are the prime factors of 293673843?
3, 3625603
List the prime factors of 99050758.
2, 43, 1151753
List the prime factors of 787172851.
787172851
List the prime factors of 123274894.
2, 23, 43, 62323
List the prime factors of 22407285.
3, 5, 29, 51511
What are the prime factors of 166670573?
166670573
What are the prime factors of 2064193421?
19, 41, 2649799
List the prime factors of 654294708.
2, 3, 17, 23, 43, 47
What are the prime factors of 418940473?
7, 1171, 51109
List the prime factors of 116496452.
2, 29124113
List the prime factors of 469981626.
2, 3, 17, 131, 2069
List the prime factors of 2698674356.
2, 7, 96381227
List the prime factors of 928657213.
11, 631, 12163
What are the prime factors of 43584696?
2, 3, 201781
List the prime factors of 1820957863.
23, 79172081
List the prime factors of 550301009.
19, 887, 32653
List the prime factors of 41903318.
2, 29, 709, 1019
What are the prime factors of 154117495?
5, 7, 17, 37003
List the prime factors of 488543198.
2, 11, 13, 31, 55103
What are the prime factors of 539101674?
2, 3, 29950093
List the prime factors of 736977.
3, 29, 43, 197
List the prime factors of 6937075340.
2, 5, 13, 313, 85243
List the prime factors of 24811426.
2, 223, 55631
List the prime factors of 1000223536.
2, 13, 19, 41, 6173
List the prime factors of 3253879681.
13, 250298437
What are the prime factors of 1376092757?
13, 105853289
List the prime factors of 1936832052.
2, 3, 161402671
List the prime factors of 1306040171.
37, 35298383
What are the prime factors of 1135932483?
3, 7, 2851, 18973
List the prime factors of 2725734399.
3, 3491, 260263
List the prime factors of 131832536.
2, 11, 1498097
List the prime factors of 800082391.
800082391
What are the prime factors of 3345252227?
23, 467, 311447
List the prime factors of 261767808.
2, 3, 75743
What are the prime factors of 856664824?
2, 41, 463, 5641
What are the prime factors of 1584265209?
3, 528088403
What are the prime factors of 146956546?
2, 11, 41, 191, 853
What are the prime factors of 585610601?
29, 20193469
List the prime factors of 4405418.
2, 101, 113, 193
What are the prime factors of 137192799?
3, 45730933
What are the prime factors of 84174808?
2, 10521851
List the prime factors of 62844737.
79, 795503
What are the prime factors of 1206695139?
3, 13, 17, 463, 3931
What are the prime factors of 99880823?
7, 14268689
What are the prime factors of 328480536?
2, 3, 13686689
What are the prime factors of 319154137?
277, 1152181
List the prime factors of 1380798223.
7, 197256889
What are the prime factors of 98486393?
113, 163, 5347
List the prime factors of 48455187.
3, 11, 19, 109, 709
List the prime factors of 5595433923.
3, 1865144641
What are the prime factors of 529398758?
2, 7, 67, 564391
What are the prime factors of 204582455?
5, 7, 11, 531383
List the prime factors of 735535402.
2, 7, 52538243
What are the prime factors of 4133104475?
5, 311, 531589
List the prime factors of 64391006.
2, 32195503
What are the prime factors of 51749454?
2, 3, 131, 65839
What are the prime factors of 62526513?
3, 7, 593, 5021
What are the prime factors of 90766506?
2, 3, 15127751
What are the prime factors of 37164316?
2, 7, 1327297
What are the prime factors of 499438457?
7, 71348351
What are the prime factors of 6542503?
11, 594773
What are the prime factors of 728540241?
3, 11, 13, 130633
List the prime factors of 359687770.
2, 5, 13, 331, 643
What are the prime factors of 32476865?
5, 131, 179, 277
List the prime factors of 15209433.
3, 59, 28643
What are the prime factors of 414842895?
3, 5, 67, 137593
List the prime factors of 61826293.
853, 72481
What are the prime factors of 114896271?
3, 7, 1237, 4423
List the prime factors of 529313962.
2, 264656981
What are the prime factors of 701127906?
2, 3, 17, 23, 298861
List the prime factors of 330051879.
3, 107, 342733
What are the prime factors of 3781108972?
2, 29, 2683, 12149
List the prime factors of 2006309684.
2, 659, 761119
What are the prime factors of 45552672?
2, 3, 11, 4793
List the prime factors of 173277828.
2, 3, 491, 9803
List the prime factors of 570490932.
2, 3, 11, 4321901
List the prime factors of 134337246.
2, 3, 43, 12109
List the prime factors of 654295991.
3413, 191707
List the prime factors of 225423915.
3, 5, 751, 20011
List the prime factors of 729721188.
2, 3, 7, 293, 9883
List the prime factors of 117067455.
3, 5, 19, 269, 509
List the prime factors of 51895171.
1459, 35569
List the prime factors of 1721034524.
2, 11, 23, 1700627
What are the prime factors of 22176080?
2, 5, 41, 6761
What are the prime factors of 146157536?
2, 7, 163, 4003
List the prime factors of 2067533511.
3, 29, 2707, 8779
List the prime factors of 124124715.
3, 5, 11, 13, 19289
What are the prime factors of 989093020?
2, 5, 41, 107, 11273
List the prime factors of 82729.
82729
List the prime factors of 51627749.
51627749
List the prime factors of 207162937.
83, 397, 6287
What are the prime factors of 31375756?
2, 7843939
List the prime factors of 283431477.
3, 7, 13496737
List the prime factors of 235819431.
3, 19, 67, 2287
List the prime factors of 73085931.
3, 8120659
List the prime factors of 50238752.
2, 1569961
What are the prime factors of 1268638187?
1268638187
List the prime factors of 19521945.
3, 5, 41, 3527
What are the prime factors of 133689743?
11, 1019, 11927
List the prime factors of 68052533.
31, 2195243
What are the prime factors of 152209866?
2, 3, 25368311
List the prime factors of 40330058.
2, 181, 111409
What are the prime factors of 28536859?
13, 23, 95441
List the prime factors of 115600518.
2, 3, 11, 583841
What are the prime factors of 191567149?
4861, 39409
List the prime factors of 117200865.
3, 5, 2731, 2861
What are the prime factors of 2290362813?
3, 254484757
What are the prime factors of 21634448?
2, 11, 83, 1481
List the prime factors of 389698757.
7, 55671251
What are the prime factors of 4272158070?
2, 3, 5, 47468423
What are the prime factors of 52928855?
5, 7, 1512253
What are the prime factors of 1211134636?
2, 887, 341357
List the prime factors of 55379200.
2, 5, 17, 509
List the prime factors of 1072504888.
2, 7, 13, 1473221
What are the prime factors of 150006762?
2, 3, 2777903
List the prime factors of 40019790.
2, 3, 5, 1333993
List the prime factors